= n**3 + 7*n - q - 3 - 41*n**2 + 50*n**2. Calculate b(-8).
1
Let i be 1 + 3 - (-4 + (3 - -2)). Let s be (1 + -5 + i)/((-2)/(-12)). Let q(c) = -c**3 - 5*c**2 + 6*c - 8. Determine q(s).
-8
Let x(l) = -10*l**2 + l + 1. Let b(q) = -3*q - 10. Let v be b(-3). What is x(v)?
-10
Let g(z) be the first derivative of z**5/120 - 5*z**3/3 + 10. Let b(l) be the third derivative of g(l). Calculate b(1).
1
Let l(x) be the second derivative of x**5/60 + x**4/6 + x**3/3 + 55*x**2/2 + 39*x. Let h(w) be the first derivative of l(w). Calculate h(-5).
7
Let m(j) = 3*j - 9. Let q(k) = -5*k + 18. Let o(z) = -7*m(z) - 4*q(z). Give o(-5).
-4
Let p(d) be the third derivative of d**6/120 - 7*d**5/60 + 5*d**4/24 - 14*d**3/3 + 954*d**2. Determine p(7).
7
Let j(o) be the third derivative of -o**4/12 + o**3/3 - 32*o**2 + 2. Let z(w) = w - 5. Let i be z(7). Let b be (1/i)/(6/60). Determine j(b).
-8
Let c = -48 - -30. Let v = c + 18. Let y(d) = -5*d + d**2 + 4*d - 10 + 8 + d**3 + v*d. Give y(0).
-2
Suppose -5*n - 12 - 3 = 5*o, n - 2*o = 6. Let f(q) = -71 + q + 143 - 71. What is f(n)?
1
Let a(l) = 2*l - 16. Let m(i) = 3*i - 17. Let b(q) = 4*a(q) - 3*m(q). Let z(k) = -2*k**3 + 32*k**2 - 31*k + 15. Let j be z(15). Calculate b(j).
-13
Let u(d) = -d**3 - d**2 - d + 2. Let h(l) = -7*l**3 + 8*l**2 - 17*l + 11. Let t(g) = h(g) - 6*u(g). Determine t(13).
25
Let t(o) = -2*o**3 + 4*o**2 - 5*o + 4. Let f = -171 - -173. Determine t(f).
-6
Let y = 52 + -49. Let q(k) = 0 - 2 - k + y - 6. Calculate q(-8).
3
Let u(g) be the second derivative of -g**4/12 - g**3/6 + 7*g. Let j(t) = 45*t - 404. Let h be j(9). What is u(h)?
-2
Let a(l) = -32*l - 115. Let f(j) = 15*j + 55. Let g(p) = -6*a(p) - 13*f(p). Calculate g(-13).
14
Let m(k) = -2*k + 5*k**2 + 0*k**2 + k. Suppose -5*l + 5 = -10. Let u be 12/(-12)*(1 - (l + -1)). Give m(u).
4
Let j be (-2)/8 - 30/(-24). Let p(v) be the second derivative of 11/6*v**3 + 38*v + 0 - 1/2*v**2. Determine p(j).
10
Let m(p) = -p**3 + 15*p**2 - 27*p + 9. Let r be m(13). Let l(v) = v**3 + 2*v**2 - 10*v - 4. Calculate l(r).
4
Let z(o) = -122*o + 483. Let t be z(4). Let w(b) = -b. Let y(m) be the second derivative of 7*m**3/6 + 9*m**2/2 + m. Let a(n) = 6*w(n) + y(n). Calculate a(t).
4
Suppose 3*p = 2*n - 4*n + 14, 5*p = -4*n + 26. Let m(u) = -u + 51325 + 51320 - 102638. Give m(n).
3
Let n be (-1)/2 - (-63)/14. Let g(z) be the second derivative of -z**3/6 - z**2 - 8*z + 2. Give g(n).
-6
Let u be 56/21*3/2. Let y(k) = 3*k + 1. Let o(n) = 4*n + 1. Let r(v) = u*o(v) - 6*y(v). Let d = -5 + 2. Give r(d).
4
Suppose g - 6 = -1. Let w(m) = -8 + 1 - m**2 + 13*m - 6*m. Calculate w(g).
3
Suppose -7*j + 6 = -4*j. Let b(m) = 2*m**2 - 3*m + j + 3*m + 0*m - 6*m. Calculate b(4).
10
Let u(g) = -g**3 + g**2 + g + 1. Suppose 32*r - 31*r + 1 = 2*f, 0 = 4*r + 4. Give u(f).
1
Let u(r) be the third derivative of r**6/120 + 2*r**5/15 + 7*r**4/12 - 58*r**2 + r. Determine u(-6).
-12
Let u(v) = 4*v - 7. Let t(d) = 4*d - 6. Let n(p) = 7*t(p) - 6*u(p). What is n(1)?
4
Let a(c) = -c**2 + 4*c + 4. Let d be 6*6/198 + (-53)/(-11). Let y be a(d). Let z(p) = 7*p**3 - p**2. Calculate z(y).
-8
Let h(k) be the second derivative of -k**3/3 - 5*k**2 + 223*k. Give h(-7).
4
Let a(k) be the third derivative of k**6/120 - k**5/12 + k**4/12 - k**2 + 10*k. Determine a(5).
10
Suppose -5*p - 315 = -2*s - 95, 3*p - 5*s = -151. Let q be p/(-3)*12/14. Suppose 6 = 3*x, j - x = 2*x - q. Let h(g) = -g**2 - 6*g. Calculate h(j).
0
Let k(f) = 2*f + 43. Suppose 2*r = -5*p - 112, 4*p - p + 56 = -4*r. Calculate k(p).
-5
Let q(c) = c**2 - 3 + 2*c + 14 - 6. Determine q(-4).
13
Let k(j) = -j**3 - 6*j**2 + 8*j. Let u be k(-7). Let l(q) be the first derivative of q**2/2 + 2*q - 2. What is l(u)?
-5
Suppose 0 = 74*k - 67*k - 14. Let c(h) be the first derivative of 2/3*h**3 - 3/2*h**k + 3 + h. Calculate c(3).
10
Let u = -12 - -13. Let h(w) = 71*w**2 + 4*w + 0*w - 5*w + 1 - 59*w**2. Determine h(u).
12
Let w(k) = 4*k + 6. Suppose 0 = -5*o + 4*a - 0*a - 35, -2*a = -10. Let b(i) = -i - 1. Let v(p) = o*b(p) - w(p). What is v(3)?
-6
Suppose f = -3*r + 68, -4*f + 0*r + 272 = 4*r. Suppose 0 = -6*l - f - 34. Let k(m) = -29*m - 14. Let d(h) = -10*h - 5. Let w(i) = l*d(i) + 6*k(i). Give w(1).
-3
Let m(o) = -5*o + 15 - 2*o - 91*o**3 + 90*o**3 - 7*o**2 - 15. Determine m(-6).
6
Let p(x) = x**2 - 7*x + 5. Let c be (-234)/(-8) - (-10)/(-40). Let n = c + -22. Calculate p(n).
5
Let l(h) be the first derivative of -3/4*h**4 + 0*h**2 - 7 + 0*h**3 - h. Suppose 0 = -3*j + 8*j + 2*t + 11, -4*j - 4*t - 16 = 0. Give l(j).
2
Suppose 0 = -11*p + 17*p + 42. Let w(u) = u**3 + 7*u**2 - u - 12. What is w(p)?
-5
Let a(c) = -3*c - 33. Let u(s) = -s - 11. Let l(o) = o**3 + 9*o**2 + 2*o + 7. Let y be l(-9). Let x(w) = y*u(w) + 4*a(w). Give x(-6).
-5
Let h(y) = -y**3 - 16*y**2 + 22*y - 15. Let s(f) = -6*f**3 - 82*f**2 + 110*f - 75. Let w(l) = 11*h(l) - 2*s(l). Determine w(10).
5
Let t(n) be the second derivative of 5*n**4/12 + n**3/6 - n**2/2 + 53*n. Calculate t(1).
5
Suppose 4*p - 5*j = 3, 0 = -5*p + 2*j - j - 12. Let z(i) = i**3 + 8*i - 2*i - 3*i + 3*i**2 + 2 + 0*i. Determine z(p).
-7
Let g(n) be the first derivative of n**4/4 - n**3 - 3*n**2/2 + 3*n + 210. Give g(4).
7
Let r(g) = 6*g**2 + g + 3. Let k(s) = -5*s**2 - 3. Suppose -24 = -v - 4*h, -7 = -v - h + 2. Let f(i) = v*r(i) + 5*k(i). Determine f(3).
0
Let w(h) = -3*h**3 + 10*h**2 + 8*h - 8. Let m(d) = -5*d**3 + 19*d**2 + 15*d - 15. Let z(o) = 4*m(o) - 7*w(o). What is z(-5)?
1
Let t(f) = 4*f**3 + 5*f**2 - 13*f - 8. Let q(l) = 5*l**3 + 4*l**2 - 14*l - 8. Let o(n) = 5*q(n) - 6*t(n). Let m be 6 - ((-18)/4 - (-9)/6). What is o(m)?
-1
Let d(z) = -7*z**3 + 14*z - 5. Let p(q) = -q**2 + 0 + 7*q**3 - 3*q**3 - 13*q + 5 + 2*q**3. Let t(j) = -5*d(j) - 6*p(j). Determine t(7).
2
Let f(j) = -1 + j**3 - 3*j - 3*j + 2*j - j**2. Let m(u) = 2*u**2 + 16*u - 15. Let w be m(-9). Suppose -4*a + w*y + 9 = 0, 0*a - 2*a - 5*y = -11. Give f(a).
5
Let a(r) = -2*r**2 + 2*r + 3. Suppose -2*d + 5*t - 180 = 0, d = -2*d - t - 236. Let c = d + 77. Determine a(c).
-21
Let o(j) = -2*j**2 + 5*j + 2. Suppose 3*u + 3*t + 3 = -3, 4*u - 5*t - 37 = 0. Suppose u*v = 4*c - 0 - 1, 4*c - 4*v = -4. Give o(c).
-10
Let d be 1/(1*(-1)/8). Let p be (-64)/10 - d/20. Let f(h) = -9*h - 7*h + 9 + 17*h. Determine f(p).
3
Let r(z) = -z + 26. Let x be r(16). Suppose 0 = -4*p + x + 2. Let i(j) = 3*j**2 + 4. Let l(g) = 5*g**2 + g + 8. Let m(u) = 7*i(u) - 4*l(u). Give m(p).
-7
Let h(x) be the first derivative of -x**3/3 + 7*x**2/2 + 6*x - 76. Let u = 15 - 8. Give h(u).
6
Let l(z) be the first derivative of 4*z**2 - 2*z - 3. Suppose v - 4 + 2 = 0. Let r(t) = 7*t - 1. Let n(d) = v*l(d) - 3*r(d). Give n(1).
-6
Let w(q) = q**3 - 4*q**2 - 2*q - 4. Suppose 64 = -3*o + n, 0 = -2*o - 4*n + 2 - 40. Let j(u) = 2*u + 47. Let k be j(o). What is w(k)?
11
Let m(h) = -3*h - 3. Let a(s) = -9*s - 9. Let o(u) = -8*u - 8. Let l(x) = -5*a(x) + 6*o(x). Let v(d) = 5*l(d) - 6*m(d). Give v(-2).
-3
Let s(m) = -m + 1. Let i(y) = y - 14. Let r(p) = i(p) + 5*s(p). Calculate r(-6).
15
Let y = -31 + 31. Suppose -4*o - 3 - 9 = y. Let x(b) = -b**2 + b + 4. Calculate x(o).
-8
Let c(o) be the second derivative of -o**5/20 - o**4 - 4*o**3/3 + 13*o**2 + 7*o + 13. Determine c(-11).
-7
Suppose -i + 3 = 0, -i + 33 = 3*s + 3*i. Suppose -30 = -2*v + s*v. Let j(g) be the first derivative of g**4/4 + 2*g**3 - 3*g - 2. Determine j(v).
-3
Let t(b) = -b**2 - 11*b - 14. Let m(a) = a + 13. Let l be m(-8). Suppose z - l*z = 20, 25 = -5*s + 5*z. Let f be t(s). Let n(w) = -4*w - 6. Determine n(f).
10
Let r(q) be the third derivative of q**6/120 + q**5/10 + q**4/24 - q**3/2 + 2*q**2 - 2048*q. Let n be 7 - (-2)/(-4)*-2. Let c = n + -14. Determine r(c).
-9
Let h(i) = -2*i**2 + 4. Let b(g) = -7*g**2 - 7*g + 23. Let a(r) = -b(r) + 4*h(r). Give a(8).
-15
Suppose -q - 5 = -4*p, q - 3 = p - 2. Let u(v) = -3*v - v - q*v + 2*v. Calculate u(3).
-15
Let r(w) be the third derivative of w**4/24 - 2*w**3/3 - 38*w**2. Calculate r(-3).
-7
Let x = 260 + -253. Let b(n) = -n + 2. What is b(x)?
-5
Let q(h) be the second derivative of -h**5/20 - h**4/2 - h**3/6 - 2*h**2 - 129*h. Calculate q(-6).
2
Let n(g) = -g - 10. Let y(w) = w**2 + 42*w + 297. Let p be y(-33). Calculate n(p).
-10
Let i(s) = s**3 + 2*s**2 - 3*s - 5. Let l(k) = 5*k**2 + 115*k - 